{"id":366,"date":"2021-06-12T10:24:23","date_gmt":"2021-06-12T08:24:23","guid":{"rendered":"http:\/\/schlagfertig-nord.de\/cms\/?page_id=366"},"modified":"2021-06-24T22:01:58","modified_gmt":"2021-06-24T20:01:58","slug":"coolnesstrainer","status":"publish","type":"page","link":"https:\/\/schlagfertig-nord.de\/?page_id=366","title":{"rendered":"COOLNESSTRAINER"},"content":{"rendered":"\t\t<div data-elementor-type=\"wp-page\" data-elementor-id=\"366\" class=\"elementor elementor-366\" data-elementor-settings=\"[]\">\n\t\t\t\t\t\t\t<div class=\"elementor-section-wrap\">\n\t\t\t\t\t\t\t<section class=\"elementor-section elementor-top-section elementor-element elementor-element-b030e95 elementor-section-boxed elementor-section-height-default elementor-section-height-default\" data-id=\"b030e95\" data-element_type=\"section\">\n\t\t\t\t\t\t<div class=\"elementor-container elementor-column-gap-default\">\n\t\t\t\t\t<div class=\"elementor-column elementor-col-100 elementor-top-column elementor-element elementor-element-3ce2906\" data-id=\"3ce2906\" data-element_type=\"column\">\n\t\t\t<div class=\"elementor-widget-wrap elementor-element-populated\">\n\t\t\t\t\t\t\t\t<section class=\"elementor-section elementor-inner-section elementor-element elementor-element-8af79a3 elementor-section-boxed elementor-section-height-default elementor-section-height-default\" data-id=\"8af79a3\" data-element_type=\"section\">\n\t\t\t\t\t\t<div class=\"elementor-container elementor-column-gap-default\">\n\t\t\t\t\t<div class=\"elementor-column elementor-col-50 elementor-inner-column elementor-element elementor-element-1d50b9e\" data-id=\"1d50b9e\" data-element_type=\"column\">\n\t\t\t<div class=\"elementor-widget-wrap elementor-element-populated\">\n\t\t\t\t\t\t\t\t<div class=\"elementor-element elementor-element-cddaf51 elementor-widget elementor-widget-text-editor\" data-id=\"cddaf51\" data-element_type=\"widget\" data-widget_type=\"text-editor.default\">\n\t\t\t\t<div class=\"elementor-widget-container\">\n\t\t\t\t\t\t\t<p>HAUKE SCHMALZ &#8211; DER COOLNESSTRAINER<\/p><p>In meiner Arbeit als Familienhelfer und Streetworker f\u00fcr den freien Tr\u00e4ger in der ambulanten Jugendhilfe WiegmannHilfen, der im Auftrag der Jugend\u00e4mter im Kreis Segeberg arbeitet, f\u00fchre ich SPFH \u00a7 31 und EBS \u00a7 30 \u2013 nach SGB VIII durch. Zu meinen Aufgaben geh\u00f6ren z. B. Elterntrainings , Unterst\u00fctzung und Beratung bei Konflikten in der Familie, Durchf\u00fchren von Jugendgruppen, Schulbegleitung und offene Jugendarbeit auf der Stra\u00dfe in \u201eProblemgebieten\u201c der St\u00e4dte.<\/p>\t\t\t\t\t\t<\/div>\n\t\t\t\t<\/div>\n\t\t\t\t\t<\/div>\n\t\t<\/div>\n\t\t\t\t<div class=\"elementor-column elementor-col-50 elementor-inner-column elementor-element elementor-element-a898c07\" data-id=\"a898c07\" data-element_type=\"column\">\n\t\t\t<div class=\"elementor-widget-wrap elementor-element-populated\">\n\t\t\t\t\t\t\t\t<div class=\"elementor-element elementor-element-a30451c elementor-widget elementor-widget-image\" data-id=\"a30451c\" data-element_type=\"widget\" data-widget_type=\"image.default\">\n\t\t\t\t<div class=\"elementor-widget-container\">\n\t\t\t\t\t\t\t\t\t\t\t\t\t\t\t<img loading=\"lazy\" decoding=\"async\" width=\"183\" height=\"300\" src=\"https:\/\/schlagfertig-nord.de\/wp-content\/uploads\/2021\/06\/image0-183x300.jpeg\" class=\"attachment-medium size-medium\" alt=\"\" srcset=\"https:\/\/schlagfertig-nord.de\/wp-content\/uploads\/2021\/06\/image0-183x300.jpeg 183w, https:\/\/schlagfertig-nord.de\/wp-content\/uploads\/2021\/06\/image0.jpeg 478w\" sizes=\"auto, (max-width: 183px) 100vw, 183px\" \/>\t\t\t\t\t\t\t\t\t\t\t\t\t\t\t<\/div>\n\t\t\t\t<\/div>\n\t\t\t\t\t<\/div>\n\t\t<\/div>\n\t\t\t\t\t\t\t<\/div>\n\t\t<\/section>\n\t\t\t\t<div class=\"elementor-element elementor-element-f164761 elementor-widget elementor-widget-text-editor\" data-id=\"f164761\" data-element_type=\"widget\" data-widget_type=\"text-editor.default\">\n\t\t\t\t<div class=\"elementor-widget-container\">\n\t\t\t\t\t\t\t<p>Haupts\u00e4chlich betreue ich Jungen im Alter von 8 &#8211; 18 Jahren, w\u00e4hrend dieser Arbeit ist besonders die Vernetzung zwischen den Institutionen wie z.B.<span class=\"Apple-converted-space\">\u00a0 <\/span>Schule, KJHP, Jugendtreff usw. wichtig. Und genau bei dieser Vernetzung, besonders im Kontakt mit<span class=\"Apple-converted-space\">\u00a0 <\/span>den Schulen meiner Klienten und den Gespr\u00e4chen mit den Jugendamtsmitarbeitern wird immer wieder deutlich, dass die Schulen durch die immer h\u00e4ufiger werdenden gewaltt\u00e4tigen Konflikte, schon ab der 1. Klasse, an ihre Grenzen sto\u00dfen und dass Nachsitzen, Beurlaubungen, Klassenkonferenzen etc.<span class=\"Apple-converted-space\">\u00a0 <\/span>keine Wirkung mehr bei den Sch\u00fclern<span class=\"Apple-converted-space\">\u00a0 <\/span>zeigen. Besonders da die Masse der \u201eauff\u00e4lligen \u201c Sch\u00fcler in den letzten Jahren immer weiter anstieg, entschloss ich mich, bei den besten AAT\/CT Trainern Deutschlands selbst die Trainer Lizenz zu erlangen<span class=\"Apple-converted-space\">\u00a0 <\/span>und so eine l\u00e4ngst erfolgreich erprobte Methode &#8211; das Coolnesstraining &#8211; in den Schulen des Kreises Segeberg anzubieten, um so<span class=\"Apple-converted-space\">\u00a0 <\/span>mit den Sch\u00fclern pr\u00e4ventiv arbeiten zu k\u00f6nnen und auch den von den Schulen zu schnell abgeschrieben sogenannten \u201eProblemkindern\u201c<span class=\"Apple-converted-space\">\u00a0 <\/span>eine L\u00f6sung f\u00fcr das \u201efriedvolle\u201c Miteinander aufweisen zu k\u00f6nnen .<\/p><p>In meiner T\u00e4tigkeit in der ambulanten Jugendhilfe ist man fast<span class=\"Apple-converted-space\">\u00a0 <\/span>immer alleine unterwegs. Kollegen trifft man nur selten in der Fachberatung oder auf einen Kaffee, deswegen kann<span class=\"Apple-converted-space\">\u00a0 <\/span>ich gar nicht sagen, was alle Kollegen \u00fcber meine Weiterentwicklung und Ausbildung zum AAT\/CT<span class=\"Apple-converted-space\">\u00a0 <\/span>Trainer denken. Die, die es wissen, sind offen und bereichern sich zus\u00e4tzlich an meiner dazu gewonnenen Kompetenz, indem sie sich Hilfe f\u00fcr F\u00e4lle von gewaltt\u00e4tigen Kindern und Jugendlichen holen, nach Techniken Fragen (Impac) usw.<\/p><p>Widerst\u00e4nde sind Hindernisse, die es zu \u00fcberqueren gilt und das wird mir auch nicht schwer fallen, denn wenn es Widerst\u00e4nde gibt, dann von Schulsozialarbeitern oder Lehren, die noch nie etwas von konfrontativer P\u00e4dagogik geh\u00f6rt haben und trotz ihrer Misserfolge im\u201c Alltag Schule\u201c auch keine neuen Methoden zulassen wollen . Da ich vom CT \u00fcberzeugt bin und das auch bereit bin zu zeigen, werde ich die Zweifler zu einer CT Sitzung einladen und versuchen, sie von der Effektivit\u00e4t des CT zu \u00fcberzeugen.<\/p><p>Verb\u00fcndete sind die Menschen, mit denen ich t\u00e4glich eng und vertraut zusammen arbeite &#8211; meine p\u00e4dagogische Leitung Robert Peter und das Jugendamt Segeberg und Wahlstedt.<span class=\"Apple-converted-space\">\u00a0 <\/span>Diese begr\u00fc\u00dfen meine Ausbildung sehr und haben auch schon Anfragen get\u00e4tigt.<\/p>\t\t\t\t\t\t<\/div>\n\t\t\t\t<\/div>\n\t\t\t\t\t<\/div>\n\t\t<\/div>\n\t\t\t\t\t\t\t<\/div>\n\t\t<\/section>\n\t\t\t\t\t\t<\/div>\n\t\t\t\t\t<\/div>\n\t\t","protected":false},"excerpt":{"rendered":"<p>HAUKE SCHMALZ &#8211; DER COOLNESSTRAINER In meiner Arbeit als Familienhelfer und Streetworker f\u00fcr den freien Tr\u00e4ger in der ambulanten Jugendhilfe WiegmannHilfen, der im Auftrag der Jugend\u00e4mter im Kreis Segeberg arbeitet, f\u00fchre ich SPFH \u00a7 31 und EBS \u00a7 30 \u2013 nach SGB VIII durch. Zu meinen Aufgaben geh\u00f6ren z. B. Elterntrainings , Unterst\u00fctzung und Beratung&hellip;<\/p>\n","protected":false},"author":1,"featured_media":0,"parent":0,"menu_order":0,"comment_status":"closed","ping_status":"closed","template":"elementor_theme","meta":{"footnotes":""},"class_list":["post-366","page","type-page","status-publish","hentry"],"_links":{"self":[{"href":"https:\/\/schlagfertig-nord.de\/index.php?rest_route=\/wp\/v2\/pages\/366","targetHints":{"allow":["GET"]}}],"collection":[{"href":"https:\/\/schlagfertig-nord.de\/index.php?rest_route=\/wp\/v2\/pages"}],"about":[{"href":"https:\/\/schlagfertig-nord.de\/index.php?rest_route=\/wp\/v2\/types\/page"}],"author":[{"embeddable":true,"href":"https:\/\/schlagfertig-nord.de\/index.php?rest_route=\/wp\/v2\/users\/1"}],"replies":[{"embeddable":true,"href":"https:\/\/schlagfertig-nord.de\/index.php?rest_route=%2Fwp%2Fv2%2Fcomments&post=366"}],"version-history":[{"count":16,"href":"https:\/\/schlagfertig-nord.de\/index.php?rest_route=\/wp\/v2\/pages\/366\/revisions"}],"predecessor-version":[{"id":493,"href":"https:\/\/schlagfertig-nord.de\/index.php?rest_route=\/wp\/v2\/pages\/366\/revisions\/493"}],"wp:attachment":[{"href":"https:\/\/schlagfertig-nord.de\/index.php?rest_route=%2Fwp%2Fv2%2Fmedia&parent=366"}],"curies":[{"name":"wp","href":"https:\/\/api.w.org\/{rel}","templated":true}]}}